{"id":1391,"date":"2023-09-14T09:34:52","date_gmt":"2023-09-14T07:34:52","guid":{"rendered":"http:\/\/rainerklement.com\/?page_id=1391"},"modified":"2025-01-08T13:36:56","modified_gmt":"2025-01-08T12:36:56","slug":"buch","status":"publish","type":"page","link":"http:\/\/rainerklement.com\/en\/buch","title":{"rendered":"Buch"},"content":{"rendered":"<figure class=\"wp-block-image size-large\"><img loading=\"lazy\" decoding=\"async\" width=\"1024\" height=\"692\" class=\"wp-image-1398\" src=\"http:\/\/rainerklement.com\/wp-content\/uploads\/2023\/09\/Cover-final-1024x692.jpg\" alt=\"\" srcset=\"http:\/\/rainerklement.com\/wp-content\/uploads\/2023\/09\/Cover-final-1024x692.jpg 1024w, http:\/\/rainerklement.com\/wp-content\/uploads\/2023\/09\/Cover-final-300x203.jpg 300w, http:\/\/rainerklement.com\/wp-content\/uploads\/2023\/09\/Cover-final-150x101.jpg 150w, http:\/\/rainerklement.com\/wp-content\/uploads\/2023\/09\/Cover-final-768x519.jpg 768w, http:\/\/rainerklement.com\/wp-content\/uploads\/2023\/09\/Cover-final-18x12.jpg 18w, http:\/\/rainerklement.com\/wp-content\/uploads\/2023\/09\/Cover-final-1000x676.jpg 1000w, http:\/\/rainerklement.com\/wp-content\/uploads\/2023\/09\/Cover-final.jpg 1501w\" sizes=\"auto, (max-width: 1024px) 100vw, 1024px\" \/><\/figure>\r\n\r\n\r\n\r\n<p>Mein Buch &#8222;KREBS -Weckruf des K\u00f6rpers. Krebs verstehen, vermeiden, ganzheitlich behandeln&#8220; erschien am 4. Oktober 2023 im Deutschen Wissenschaftsverlag. Es besch\u00e4ftigt sich mit einer ganzheitlichen, evolution\u00e4r begr\u00fcndeten Herangehensweise an eines der gr\u00f6\u00dften Gesundheitsprobleme unserer Zeit: Krebs. Das Buch vermittelt sowohl theoretisches Wissen als auch praktische Umsetzungstipps zu einer Lebensweise, die unsere k\u00f6rperliche, geistige und seelische Gesundheit st\u00e4rkt. Denn wo Gesundheit gest\u00e4rkt wird, wird Krankheit automatisch geschw\u00e4cht.<\/p>\r\n\r\n\r\n\r\n<p>Das Buch enth\u00e4lt dar\u00fcber hinaus zw\u00f6lf Interviews mit befreundeten Wissenschaftlern, Therapeuten und \u00c4rzten, in denen die besprochenen Themen nochmal vertieft und aus anderen Blickwinkeln betrachtet werden. Ein Beispiel-Interview mit dem Tumorstoffwechselexperten Prof. Dr. Thomas Seyfried ist hier wiedergegeben:<\/p>\r\n\r\n\r\n\r\n<ul class=\"wp-block-list\">\r\n<li><a href=\"http:\/\/rainerklement.com\/archive\/1382\" target=\"_blank\" rel=\"noreferrer noopener\">Interview mit Prof. Dr. Thomas Seyfried<\/a><\/li>\r\n\r\n\r\n<\/ul>\r\n\r\n\r\n\r\n<p><strong>Das Buch kann direkt bei mir bestellt werden (gerne auch mit Widmung, Email an rainer_klement@gmx.de)<\/strong> oder in allen Buchl\u00e4den (lokal und online) bzw. direkt \u00fcber die Homepage des Deutschen Wissenschaftsverlages (<a href=\"https:\/\/dwv-net.de\/produkt\/krebs-weckruf-des-koerpers\/\" target=\"_blank\" rel=\"noreferrer noopener\">https:\/\/dwv-net.de\/produkt\/krebs-weckruf-des-koerpers\/<\/a>) erworben werden. Der carnivoro-Webshop (<a href=\"https:\/\/www.carnivoro.eu\/\" target=\"_blank\" rel=\"noreferrer noopener\">www.carnivoro.eu<\/a>) hat es ebenfalls im Programm. Bei carnivoro gibt es au\u00dferdem gefriergetrocknete Innereien-Produkte, die ich in meinem Buch als gute Vitamin- und Mineralstoffquellen empfehle (f\u00fcr 10% Rabatt den Code <strong>RJK10<\/strong> verwenden). Mit einem der Gr\u00fcnder von carnivoro, dem Leistungssportler Christoph Lex, der eine chronisch entz\u00fcndliche Darmerkankung durch eine Ern\u00e4hrungsumstellung auf eine tierbasierte Ern\u00e4hrung in den Griff bekam, habe ich ebenfalls ein sehr interessantes Interview gef\u00fchrt, das im Buch zu finden ist.<\/p>\r\n\r\n\r\n\r\n<p>&nbsp;<\/p>","protected":false},"excerpt":{"rendered":"<p>Mein Buch &#8222;KREBS -Weckruf des K\u00f6rpers. Krebs verstehen, vermeiden, ganzheitlich behandeln&#8220; erschien am 4. Oktober 2023 im Deutschen Wissenschaftsverlag. Es besch\u00e4ftigt sich mit einer ganzheitlichen, evolution\u00e4r begr\u00fcndeten Herangehensweise an eines der gr\u00f6\u00dften Gesundheitsprobleme unserer Zeit: Krebs. Das Buch vermittelt sowohl theoretisches Wissen als auch praktische Umsetzungstipps zu einer Lebensweise, die unsere k\u00f6rperliche, geistige und seelische [&hellip;]<\/p>","protected":false},"author":1,"featured_media":0,"parent":0,"menu_order":5,"comment_status":"closed","ping_status":"closed","template":"","meta":{"ngg_post_thumbnail":0,"footnotes":""},"class_list":["post-1391","page","type-page","status-publish","hentry"],"_links":{"self":[{"href":"http:\/\/rainerklement.com\/en\/wp-json\/wp\/v2\/pages\/1391","targetHints":{"allow":["GET"]}}],"collection":[{"href":"http:\/\/rainerklement.com\/en\/wp-json\/wp\/v2\/pages"}],"about":[{"href":"http:\/\/rainerklement.com\/en\/wp-json\/wp\/v2\/types\/page"}],"author":[{"embeddable":true,"href":"http:\/\/rainerklement.com\/en\/wp-json\/wp\/v2\/users\/1"}],"replies":[{"embeddable":true,"href":"http:\/\/rainerklement.com\/en\/wp-json\/wp\/v2\/comments?post=1391"}],"version-history":[{"count":17,"href":"http:\/\/rainerklement.com\/en\/wp-json\/wp\/v2\/pages\/1391\/revisions"}],"predecessor-version":[{"id":1576,"href":"http:\/\/rainerklement.com\/en\/wp-json\/wp\/v2\/pages\/1391\/revisions\/1576"}],"wp:attachment":[{"href":"http:\/\/rainerklement.com\/en\/wp-json\/wp\/v2\/media?parent=1391"}],"curies":[{"name":"wp","href":"https:\/\/api.w.org\/{rel}","templated":true}]}}

<figure class="wp-block-image size-large"><img loading="lazy" decoding="async" width="1024" height="692" class="wp-image-1398" src="http://rainerklement.com/wp-content/uploads/2023/09/Cover-final-1024x692.jpg" alt="" srcset="http://rainerklement.com/wp-content/uploads/2023/09/Cover-final-1024x692.jpg 1024w, http://rainerklement.com/wp-content/uploads/2023/09/Cover-final-300x203.jpg 300w, http://rainerklement.com/wp-content/uploads/2023/09/Cover-final-150x101.jpg 150w, http://rainerklement.com/wp-content/uploads/2023/09/Cover-final-768x519.jpg 768w, http://rainerklement.com/wp-content/uploads/2023/09/Cover-final-18x12.jpg 18w, http://rainerklement.com/wp-content/uploads/2023/09/Cover-final-1000x676.jpg 1000w, http://rainerklement.com/wp-content/uploads/2023/09/Cover-final.jpg 1501w" sizes="auto, (max-width: 1024px) 100vw, 1024px" /></figure>



<p>Mein Buch &#8222;KREBS -Weckruf des Körpers. Krebs verstehen, vermeiden, ganzheitlich behandeln&#8220; erschien am 4. Oktober 2023 im Deutschen Wissenschaftsverlag. Es beschäftigt sich mit einer ganzheitlichen, evolutionär begründeten Herangehensweise an eines der größten Gesundheitsprobleme unserer Zeit: Krebs. Das Buch vermittelt sowohl theoretisches Wissen als auch praktische Umsetzungstipps zu einer Lebensweise, die unsere körperliche, geistige und seelische Gesundheit stärkt. Denn wo Gesundheit gestärkt wird, wird Krankheit automatisch geschwächt.</p>



<p>Das Buch enthält darüber hinaus zwölf Interviews mit befreundeten Wissenschaftlern, Therapeuten und Ärzten, in denen die besprochenen Themen nochmal vertieft und aus anderen Blickwinkeln betrachtet werden. Ein Beispiel-Interview mit dem Tumorstoffwechselexperten Prof. Dr. Thomas Seyfried ist hier wiedergegeben:</p>



<ul class="wp-block-list">
<li><a href="http://rainerklement.com/archive/1382" target="_blank" rel="noreferrer noopener">Interview mit Prof. Dr. Thomas Seyfried</a></li>


</ul>



<p><strong>Das Buch kann direkt bei mir bestellt werden (gerne auch mit Widmung, Email an rainer_klement@gmx.de)</strong> oder in allen Buchläden (lokal und online) bzw. direkt über die Homepage des Deutschen Wissenschaftsverlages (<a href="https://dwv-net.de/produkt/krebs-weckruf-des-koerpers/" target="_blank" rel="noreferrer noopener">https://dwv-net.de/produkt/krebs-weckruf-des-koerpers/</a>) erworben werden. Der carnivoro-Webshop (<a href="https://www.carnivoro.eu/" target="_blank" rel="noreferrer noopener">www.carnivoro.eu</a>) hat es ebenfalls im Programm. Bei carnivoro gibt es außerdem gefriergetrocknete Innereien-Produkte, die ich in meinem Buch als gute Vitamin- und Mineralstoffquellen empfehle (für 10% Rabatt den Code <strong>RJK10</strong> verwenden). Mit einem der Gründer von carnivoro, dem Leistungssportler Christoph Lex, der eine chronisch entzündliche Darmerkankung durch eine Ernährungsumstellung auf eine tierbasierte Ernährung in den Griff bekam, habe ich ebenfalls ein sehr interessantes Interview geführt, das im Buch zu finden ist.</p>



<p>&nbsp;</p>

<p>Mein Buch &#8222;KREBS -Weckruf des Körpers. Krebs verstehen, vermeiden, ganzheitlich behandeln&#8220; erschien am 4. Oktober 2023 im Deutschen Wissenschaftsverlag. Es beschäftigt sich mit einer ganzheitlichen, evolutionär begründeten Herangehensweise an eines der größten Gesundheitsprobleme unserer Zeit: Krebs. Das Buch vermittelt sowohl theoretisches Wissen als auch praktische Umsetzungstipps zu einer Lebensweise, die unsere körperliche, geistige und seelische [&hellip;]</p>
